{"id":290,"date":"2020-10-19T15:59:56","date_gmt":"2020-10-19T15:59:56","guid":{"rendered":"https:\/\/www.acacr.es\/Wordpress\/?page_id=290"},"modified":"2026-04-16T18:57:37","modified_gmt":"2026-04-16T18:57:37","slug":"fines","status":"publish","type":"page","link":"https:\/\/www.acacr.es\/?page_id=290","title":{"rendered":"Fines"},"content":{"rendered":"<div  class=\"wp-block-ultimate-post-heading ultp-block-d12459\"><div class=\"ultp-block-wrapper\"><div class=\"ultp-heading-wrap ultp-heading-style9 ultp-heading-left\"><h2 class=\"ultp-heading-inner\"><span><\/span><\/h2><\/div><\/div><\/div>\n\n\n<!-- Fuente Google: Poppins -->\n<link href=\"https:\/\/fonts.googleapis.com\/css2?family=Poppins:wght@400;600&#038;display=swap\" rel=\"stylesheet\">\n\n<!-- Fuente Google: Poppins -->\n<link href=\"https:\/\/fonts.googleapis.com\/css2?family=Poppins:wght@400;600&#038;display=swap\" rel=\"stylesheet\">\n\n\n\n<div class=\"acacr-bloque\">\n  <div class=\"acacr-column\">\n    <div class=\"acacr-card acacr-rect\">Potenciar la Ciencia Regional en sus vertientes te\u00f3rica y aplicada con el objetivo de contribuir al desarrollo econ\u00f3mico, territorial y social de Andaluc\u00eda en su conjunto y en sus distintos \u00e1mbitos: zonas, regiones, comarcas, municipios, etc.<\/div>\n    <div class=\"acacr-card acacr-circle\">Contribuir a los fines esenciales previstos en la Ley Andaluza de la Ciencia y el Conocimiento entre los que cabe mencionar los siguientes:<\/div>\n  <\/div>\n\n  <div class=\"acacr-grid\">\n    <div class=\"acacr-card acacr-square\">Promover la igualdad de g\u00e9nero en el \u00e1mbito de su competencia y actividad.<\/div>\n    <div class=\"acacr-card acacr-square\">Promover intercambios de ideas, experiencias, estudios, investigaciones y publicaciones con asociaciones, institutos, departamentos universitarios, fundaciones y otras instituciones que tengan entre sus fines el cultivo de la Ciencia regional o disciplinas afines.<\/div>\n    <div class=\"acacr-card acacr-square\">Colaborar con las Administraciones P\u00fablicas de Andaluc\u00eda en los programas orientados al desarrollo arm\u00f3nico y equilibrado.<\/div>\n    <div class=\"acacr-card acacr-square\">Colaborar con las Administraciones P\u00fablicas de Andaluc\u00eda, fundaciones, organizaciones no gubernamentales, Universidades y empresas que contribuyan con sus recursos a proyectos de cooperaci\u00f3n al desarrollo en Andaluc\u00eda y en pa\u00edses emergentes.<\/div>\n    <div class=\"acacr-card acacr-square\">Fomentar el estudio y la investigaci\u00f3n de la Ciencia Regional, sus m\u00e9todos y t\u00e9cnicas de an\u00e1lisis.<\/div>\n    <div class=\"acacr-card acacr-square\">Favorecer la difusi\u00f3n de la Ciencia Regional mediante la organizaci\u00f3n de congresos, seminarios, conferencias, coloquios, cursos, publicaciones, dict\u00e1menes, consultas y exposiciones.<\/div>\n    <div class=\"acacr-card acacr-square\">Colaborar en la elaboraci\u00f3n de estrategias orientadas al desarrollo regional en sus aspectos territoriales y sectoriales.<\/div>\n    <div class=\"acacr-card acacr-square\">Propiciar el esp\u00edritu de reflexi\u00f3n, el debate y la cr\u00edtica constructiva en relaci\u00f3n a planteamientos cient\u00edficos y pol\u00edticos en el \u00e1mbito de lo social, econ\u00f3mico, territorial y medioambiental.<\/div>\n    <div class=\"acacr-card acacr-square\">Propiciar la cohesi\u00f3n de Andaluc\u00eda.<\/div>\n  <\/div>\n<\/div>\n\n<script>\n  document.addEventListener(\"DOMContentLoaded\", function () {\n    const cards = document.querySelectorAll(\".acacr-card\");\n\n    const observer = new IntersectionObserver(entries => {\n      entries.forEach(entry => {\n        if (entry.isIntersecting) {\n          entry.target.classList.add(\"visible\");\n          observer.unobserve(entry.target);\n        }\n      });\n    }, {\n      threshold: 0.2\n    });\n\n    cards.forEach(card => {\n      observer.observe(card);\n    });\n  });\n<\/script>\n\n\n\n<div style=\"height:136px\" aria-hidden=\"true\" class=\"wp-block-spacer\"><\/div>\n\n\n\n<div class=\"wp-block-ultimate-post-row ultp-block-17b093\"><div class=\"ultp-row-wrapper\"><div class=\"ultp-row-content\">\n<div class=\"wp-block-ultimate-post-column ultp-block-dd9d6f\"><div class=\"ultp-column-wrapper\">\n<figure class=\"wp-block-image size-full is-style-default\"><img fetchpriority=\"high\" decoding=\"async\" width=\"416\" height=\"121\" src=\"https:\/\/www.acacr.es\/wp-content\/uploads\/2022\/12\/muniversidades.png\" alt=\"\" class=\"wp-image-1974\" style=\"object-fit:cover\" srcset=\"https:\/\/www.acacr.es\/wp-content\/uploads\/2022\/12\/muniversidades.png 416w, https:\/\/www.acacr.es\/wp-content\/uploads\/2022\/12\/muniversidades-300x87.png 300w\" sizes=\"(max-width: 416px) 100vw, 416px\" \/><\/figure>\n<\/div><\/div>\n\n\n\n<div class=\"wp-block-ultimate-post-column ultp-block-453ed6\"><div class=\"ultp-column-wrapper\">\n<figure class=\"wp-block-image size-full\"><img decoding=\"async\" width=\"988\" height=\"384\" src=\"https:\/\/www.acacr.es\/wp-content\/uploads\/2021\/03\/mcei.jpg\" alt=\"\" class=\"wp-image-1077\" srcset=\"https:\/\/www.acacr.es\/wp-content\/uploads\/2021\/03\/mcei.jpg 988w, https:\/\/www.acacr.es\/wp-content\/uploads\/2021\/03\/mcei-300x117.jpg 300w, https:\/\/www.acacr.es\/wp-content\/uploads\/2021\/03\/mcei-768x298.jpg 768w\" sizes=\"(max-width: 988px) 100vw, 988px\" \/><\/figure>\n<\/div><\/div>\n\n\n\n<div class=\"wp-block-ultimate-post-column ultp-block-dba5ba\"><div class=\"ultp-column-wrapper\">\n<figure class=\"wp-block-image size-full\"><img decoding=\"async\" width=\"2079\" height=\"1165\" src=\"https:\/\/www.acacr.es\/wp-content\/uploads\/2020\/12\/logo-Junta-2.png\" alt=\"\" class=\"wp-image-719\" srcset=\"https:\/\/www.acacr.es\/wp-content\/uploads\/2020\/12\/logo-Junta-2.png 2079w, https:\/\/www.acacr.es\/wp-content\/uploads\/2020\/12\/logo-Junta-2-300x168.png 300w, https:\/\/www.acacr.es\/wp-content\/uploads\/2020\/12\/logo-Junta-2-1024x574.png 1024w, https:\/\/www.acacr.es\/wp-content\/uploads\/2020\/12\/logo-Junta-2-768x430.png 768w, https:\/\/www.acacr.es\/wp-content\/uploads\/2020\/12\/logo-Junta-2-1536x861.png 1536w, https:\/\/www.acacr.es\/wp-content\/uploads\/2020\/12\/logo-Junta-2-2048x1148.png 2048w, https:\/\/www.acacr.es\/wp-content\/uploads\/2020\/12\/logo-Junta-2-1320x740.png 1320w\" sizes=\"(max-width: 2079px) 100vw, 2079px\" \/><\/figure>\n<\/div><\/div>\n\n\n\n<div class=\"wp-block-ultimate-post-column ultp-block-4c1d57\"><div class=\"ultp-column-wrapper\">\n<figure class=\"wp-block-image size-full is-resized\"><img loading=\"lazy\" decoding=\"async\" width=\"1446\" height=\"1229\" src=\"https:\/\/www.acacr.es\/wp-content\/uploads\/2023\/11\/ueconlet.png\" alt=\"\" class=\"wp-image-2424\" style=\"width:168px;height:auto\" srcset=\"https:\/\/www.acacr.es\/wp-content\/uploads\/2023\/11\/ueconlet.png 1446w, https:\/\/www.acacr.es\/wp-content\/uploads\/2023\/11\/ueconlet-300x255.png 300w, https:\/\/www.acacr.es\/wp-content\/uploads\/2023\/11\/ueconlet-1024x870.png 1024w, https:\/\/www.acacr.es\/wp-content\/uploads\/2023\/11\/ueconlet-768x653.png 768w, https:\/\/www.acacr.es\/wp-content\/uploads\/2023\/11\/ueconlet-1320x1122.png 1320w\" sizes=\"(max-width: 1446px) 100vw, 1446px\" \/><\/figure>\n<\/div><\/div>\n<\/div><\/div><\/div>\n\n\n<div id=\"La_Academia_Andaluza_de_Ciencia_Regional_ACACR_se_crea_por_Decreto_3832009_de_9_de_diciembre_en_el_marco_de_la_Ley_Andaluza_de_la_Ciencia_y_el_Conocimiento_del_3_de_diciembre_de_2007\"  class=\"wp-block-ultimate-post-heading ultp-block-e475c7\"><div class=\"ultp-block-wrapper\"><div class=\"ultp-heading-wrap ultp-heading-style17 ultp-heading-center\"><h6 class=\"ultp-heading-inner\"><span>La Academia Andaluza de Ciencias Econ\u00f3micas y del Territorio se crea por Decreto 383\/2009 de 9 de diciembre, en el marco de la Ley Andaluza de la Ciencia y el Conocimiento del 3 de diciembre de 2007.<\/span><\/h6><\/div><\/div><\/div>\n\n\n<p><\/p>\n<style class=\"advgb-styles-renderer\">\n  .acacr-bloque {\n    font-family: 'Poppins', sans-serif;\n    background-size: contain;\n    background-color: #ffffff;\n    position: relative;\n    overflow: hidden;\n  }\n\n  .acacr-bloque::before {\n    content: '';\n    position: absolute;\n    inset: 0;\n    background-color: rgba(255, 255, 255, 0.85);\n    z-index: 0;\n  }\n\n  .acacr-column,\n  .acacr-grid {\n    position: relative;\n    z-index: 1;\n    padding: 2rem 1rem;\n    display: flex;\n    flex-wrap: wrap;\n    justify-content: center;\n    gap: 2rem;\n  }\n\n  .acacr-column {\n    flex-direction: column;\n    align-items: center;\n  }\n\n  .acacr-card {\n    background: #1b4332;\n    box-shadow: 0 4px 10px rgba(0,0,0,0.1);\n    padding: 1.5rem;\n    text-align: center;\n    display: flex;\n    align-items: center;\n    justify-content: center;\n    font-size: 1.5rem;\n    line-height: 1.5;\n    color: #ffffff;\n    border-radius: 1rem;\n    opacity: 0;\n    transform: translateY(30px);\n    transition: all 0.6s ease-out, box-shadow 0.3s ease, background 0.3s ease, border 0.3s ease;\n    border: 2px solid transparent;\n    width: 280px;\n    height: 280px;\n  }\n\n  .acacr-card.visible {\n    opacity: 1;\n    transform: translateY(0);\n  }\n\n  .acacr-card:hover {\n    background: #2d6a4f;\n    box-shadow: 0 8px 20px rgba(0,0,0,0.2), inset 0 0 10px rgba(255,255,255,0.1);\n    border-color: #74c69d;\n    cursor: default;\n  }\n\n  .acacr-rect {\n    width: 90%;\n    max-width: 720px;\n    height: auto;\n    min-height: 180px;\n    border: 3px solid #95d5b2;\n    box-shadow: 0 12px 25px rgba(0, 0, 0, 0.25);\n  }\n\n  .acacr-circle {\n    border-radius: 50%;\n    border: 3px solid #95d5b2;\n    box-shadow: 0 12px 25px rgba(0, 0, 0, 0.25);\n    width: 280px;\n    height: 280px;\n  }\n\n  .acacr-square {\n    border-radius: 1rem;\n  }\n\n  @media (max-width: 600px) {\n    .acacr-card {\n      width: 90%;\n      height: auto;\n      min-height: 200px;\n      font-size: 0.95rem;\n    }\n\n    .acacr-circle {\n      width: 90%;\n      height: 90vw;\n      border-radius: 50%;\n    }\n\n    .acacr-rect {\n      min-height: 200px;\n    }\n  }\n<\/style>","protected":false},"excerpt":{"rendered":"<p>Potenciar la Ciencia Regional en sus vertientes te\u00f3rica y aplicada con el objetivo de contribuir al desarrollo econ\u00f3mico, territorial y social de Andaluc\u00eda en su conjunto y en sus distintos \u00e1mbitos: zonas, regiones, comarcas, municipios, etc. Contribuir a los fines esenciales previstos en la Ley Andaluza de la Ciencia y el Conocimiento entre los que [&hellip;]<\/p>\n","protected":false},"author":1,"featured_media":0,"parent":0,"menu_order":0,"comment_status":"closed","ping_status":"closed","template":"","meta":{"advgb_blocks_editor_width":"","advgb_blocks_columns_visual_guide":"","ocean_post_layout":"full-width","ocean_both_sidebars_style":"","ocean_both_sidebars_content_width":0,"ocean_both_sidebars_sidebars_width":0,"ocean_sidebar":"0","ocean_second_sidebar":"0","ocean_disable_margins":"on","ocean_add_body_class":"","ocean_shortcode_before_top_bar":"","ocean_shortcode_after_top_bar":"","ocean_shortcode_before_header":"","ocean_shortcode_after_header":"","ocean_has_shortcode":"","ocean_shortcode_after_title":"","ocean_shortcode_before_footer_widgets":"","ocean_shortcode_after_footer_widgets":"","ocean_shortcode_before_footer_bottom":"","ocean_shortcode_after_footer_bottom":"","ocean_display_top_bar":"default","ocean_display_header":"default","ocean_header_style":"","ocean_center_header_left_menu":"0","ocean_custom_header_template":"0","ocean_custom_logo":0,"ocean_custom_retina_logo":0,"ocean_custom_logo_max_width":0,"ocean_custom_logo_tablet_max_width":0,"ocean_custom_logo_mobile_max_width":0,"ocean_custom_logo_max_height":0,"ocean_custom_logo_tablet_max_height":0,"ocean_custom_logo_mobile_max_height":0,"ocean_header_custom_menu":"0","ocean_menu_typo_font_family":"0","ocean_menu_typo_font_subset":"","ocean_menu_typo_font_size":0,"ocean_menu_typo_font_size_tablet":0,"ocean_menu_typo_font_size_mobile":0,"ocean_menu_typo_font_size_unit":"px","ocean_menu_typo_font_weight":"","ocean_menu_typo_font_weight_tablet":"","ocean_menu_typo_font_weight_mobile":"","ocean_menu_typo_transform":"","ocean_menu_typo_transform_tablet":"","ocean_menu_typo_transform_mobile":"","ocean_menu_typo_line_height":0,"ocean_menu_typo_line_height_tablet":0,"ocean_menu_typo_line_height_mobile":0,"ocean_menu_typo_line_height_unit":"","ocean_menu_typo_spacing":0,"ocean_menu_typo_spacing_tablet":0,"ocean_menu_typo_spacing_mobile":0,"ocean_menu_typo_spacing_unit":"","ocean_menu_link_color":"","ocean_menu_link_color_hover":"","ocean_menu_link_color_active":"","ocean_menu_link_background":"","ocean_menu_link_hover_background":"","ocean_menu_link_active_background":"","ocean_menu_social_links_bg":"","ocean_menu_social_hover_links_bg":"","ocean_menu_social_links_color":"","ocean_menu_social_hover_links_color":"","ocean_disable_title":"default","ocean_disable_heading":"default","ocean_post_title":"","ocean_post_subheading":"","ocean_post_title_style":"","ocean_post_title_background_color":"","ocean_post_title_background":0,"ocean_post_title_bg_image_position":"","ocean_post_title_bg_image_attachment":"","ocean_post_title_bg_image_repeat":"","ocean_post_title_bg_image_size":"","ocean_post_title_height":0,"ocean_post_title_bg_overlay":0.5,"ocean_post_title_bg_overlay_color":"","ocean_disable_breadcrumbs":"default","ocean_breadcrumbs_color":"","ocean_breadcrumbs_separator_color":"","ocean_breadcrumbs_links_color":"","ocean_breadcrumbs_links_hover_color":"","ocean_display_footer_widgets":"default","ocean_display_footer_bottom":"default","ocean_custom_footer_template":"0","footnotes":""},"class_list":["post-290","page","type-page","status-publish","hentry","entry"],"coauthors":[],"author_meta":{"author_link":"https:\/\/www.acacr.es\/?author=1","display_name":"Acacr"},"relative_dates":{"created":"Publicado 6 a\u00f1os hace","modified":"Actualizado 4 d\u00edas hace"},"absolute_dates":{"created":"Publicado el 19 octubre 2020","modified":"Actualizado el 16 abril 2026"},"absolute_dates_time":{"created":"Publicado el 19 octubre 2020 15:59","modified":"Actualizado el 16 abril 2026 18:57"},"featured_img_caption":"","featured_img":false,"series_order":"","_links":{"self":[{"href":"https:\/\/www.acacr.es\/index.php?rest_route=\/wp\/v2\/pages\/290","targetHints":{"allow":["GET"]}}],"collection":[{"href":"https:\/\/www.acacr.es\/index.php?rest_route=\/wp\/v2\/pages"}],"about":[{"href":"https:\/\/www.acacr.es\/index.php?rest_route=\/wp\/v2\/types\/page"}],"author":[{"embeddable":true,"href":"https:\/\/www.acacr.es\/index.php?rest_route=\/wp\/v2\/users\/1"}],"replies":[{"embeddable":true,"href":"https:\/\/www.acacr.es\/index.php?rest_route=%2Fwp%2Fv2%2Fcomments&post=290"}],"version-history":[{"count":53,"href":"https:\/\/www.acacr.es\/index.php?rest_route=\/wp\/v2\/pages\/290\/revisions"}],"predecessor-version":[{"id":3767,"href":"https:\/\/www.acacr.es\/index.php?rest_route=\/wp\/v2\/pages\/290\/revisions\/3767"}],"wp:attachment":[{"href":"https:\/\/www.acacr.es\/index.php?rest_route=%2Fwp%2Fv2%2Fmedia&parent=290"}],"curies":[{"name":"wp","href":"https:\/\/api.w.org\/{rel}","templated":true}]}}